{"id":13301,"date":"2023-07-06T15:45:35","date_gmt":"2023-07-06T13:45:35","guid":{"rendered":"http:\/\/www.reconnectivetherapy.com\/?post_type=tribe_events&#038;p=13301"},"modified":"2023-07-06T15:53:58","modified_gmt":"2023-07-06T13:53:58","slug":"gewahrsein-und-transformation-3","status":"publish","type":"tribe_events","link":"https:\/\/www.reconnectivetherapy.com\/de\/event\/gewahrsein-und-transformation-3\/","title":{"rendered":"Gewahrsein und Transformation"},"content":{"rendered":"<div class=\"wpb-content-wrapper\"><p>[vc_row][vc_column][vc_column_text]<strong>Onlinekonferenz\u00a0<\/strong>(es gibt auch die M\u00f6glichkeit mit Telefon teilzunehmen)<\/p>\n<p>Diese Gruppen beinhalten <strong>eine RCT-Behandlung<\/strong> sowie die M\u00f6glichkeit Unterst\u00fctzung in einem bestimmten Bereich eures Lebens zu erhalten. Ihr seid eingeladen jegliche Fragen oder Anliegen, die ihr habt, zu teilen. Dies kann Gesundheit, Beziehungen, Gef\u00fchle, Gedanken oder immer wiederkehrende Muster mit einschlie\u00dfen. Wir haben beobachtet, dass die Heilungskraft sich potenziert, wenn diese Arbeit in einer Gruppe stattfindet. Diese Gruppen wurden konzipiert dich in dem Gewahrwerden zu unterst\u00fctzen welche Ausrichtung in deinem Leben gerade wirkt. Dazu bekommst du Lehren und Praktiken, die deine Transformation unterst\u00fctzen.<\/p>\n<p><strong>Voraussetzung zur Teilnahme:<\/strong>\u00a0keine<\/p>\n<p><strong>Termin:<em>\u00a0<\/em><\/strong>Dienstag, 16. Mai<\/p>\n<p><strong>Zeit: <\/strong>20:00 h \u2013 21:30 h<\/p>\n<p><strong>Leitung: <\/strong>Kerstin Sch\u00f6n<\/p>\n<p><strong>Kosten:<\/strong>\u00a065,- \u20ac[\/vc_column_text][\/vc_column][\/vc_row][vc_row][vc_column][vc_btn title=&#8220;Anmeldung&#8220; size=&#8220;lg&#8220; align=&#8220;center&#8220; link=&#8220;url:mailto%3Ainfo.de%40reconnectivetherapy.com%3Fsubject%3DGewahrsein%20und%20Transformation%20-%20Online-Konferenz(en)%20-%20meine%20Anmeldung%26body%3DHallo%2C%20hiermit%20melde%20ich%20mich%20verbindlich%20f%C3%BCr%20die%20o.%20gen.%20Veranstaltung(en)%20an.%20Ich%20nehme%20teil%20an%20(bitte%20jeweils%20Datum%20eintragen)%3A%250a%250a-%20einer%20Konferenz%3A%250a%250a-%20folgenden%20Konferenzen%3A%250a%250aDie%20Teilnahmegeb%C3%BChr%20(%E2%82%AC65%2C-%20pro%20Konferenz)%20habe%20ich%20auf%20folgendes%20Konto%20%C3%BCberwiesen%3A%20ReConnective%20Therapy%20-%20Kerstin%20Sch%C3%B6n%20IBAN%3A%20DE58%207019%200000%200207%206641%2076%250a%250aIch%20bitte%20um%20rechtzeitige%20Zusendung%20der%20Zugangsdaten%20f%C3%BCr%20die%20ZOOM-Konferenz(en).%20Meine%20Mobilnummer%3A%250a%250a%250a%250aBeste%20Gr%C3%BC%C3%9Fe&#8220;][\/vc_column][\/vc_row]<\/p>\n<\/div>","protected":false},"excerpt":{"rendered":"<p>[vc_row][vc_column][vc_column_text]Onlinekonferenz\u00a0(es gibt auch die M\u00f6glichkeit mit Telefon teilzunehmen) Diese Gruppen beinhalten eine RCT-Behandlung sowie die M\u00f6glichkeit Unterst\u00fctzung in einem bestimmten Bereich eures Lebens zu erhalten. Ihr<span class=\"excerpt-hellip\"> [\u2026]<\/span><\/p>\n","protected":false},"author":21,"featured_media":0,"template":"","meta":{"_tribe_events_status":"","_tribe_events_status_reason":"","_tribe_events_is_hybrid":"","_tribe_events_is_virtual":"","_tribe_events_virtual_video_source":"","_tribe_events_virtual_embed_video":"","_tribe_events_virtual_linked_button_text":"","_tribe_events_virtual_linked_button":"","_tribe_events_virtual_show_embed_at":"","_tribe_events_virtual_show_embed_to":[],"_tribe_events_virtual_show_on_event":"","_tribe_events_virtual_show_on_views":"","_tribe_events_virtual_url":"","footnotes":""},"tags":[],"tribe_events_cat":[],"class_list":["post-13301","tribe_events","type-tribe_events","status-publish","hentry"],"yoast_head":"<!-- This site is optimized with the Yoast SEO plugin v27.5 - https:\/\/yoast.com\/product\/yoast-seo-wordpress\/ -->\n<title>Gewahrsein und Transformation - RCT - Reconnective Therapy | Kerstin Sch\u00f6n<\/title>\n<meta name=\"robots\" content=\"index, follow, max-snippet:-1, max-image-preview:large, max-video-preview:-1\" \/>\n<link rel=\"canonical\" href=\"https:\/\/www.reconnectivetherapy.com\/de\/event\/gewahrsein-und-transformation-3\/\" \/>\n<meta property=\"og:locale\" content=\"de_DE\" \/>\n<meta property=\"og:type\" content=\"article\" \/>\n<meta property=\"og:title\" content=\"Gewahrsein und Transformation - RCT - Reconnective Therapy | Kerstin Sch\u00f6n\" \/>\n<meta property=\"og:description\" content=\"[vc_row][vc_column][vc_column_text]Onlinekonferenz\u00a0(es gibt auch die M\u00f6glichkeit mit Telefon teilzunehmen) Diese Gruppen beinhalten eine RCT-Behandlung sowie die M\u00f6glichkeit Unterst\u00fctzung in einem bestimmten Bereich eures Lebens zu erhalten. Ihr [\u2026]\" \/>\n<meta property=\"og:url\" content=\"https:\/\/www.reconnectivetherapy.com\/de\/event\/gewahrsein-und-transformation-3\/\" \/>\n<meta property=\"og:site_name\" content=\"RCT - Reconnective Therapy | Kerstin Sch\u00f6n\" \/>\n<meta property=\"article:modified_time\" content=\"2023-07-06T13:53:58+00:00\" \/>\n<meta name=\"twitter:label1\" content=\"Gesch\u00e4tzte Lesezeit\" \/>\n\t<meta name=\"twitter:data1\" content=\"1\u00a0Minute\" \/>\n<script type=\"application\/ld+json\" class=\"yoast-schema-graph\">{\"@context\":\"https:\\\/\\\/schema.org\",\"@graph\":[{\"@type\":\"WebPage\",\"@id\":\"https:\\\/\\\/www.reconnectivetherapy.com\\\/de\\\/event\\\/gewahrsein-und-transformation-3\\\/\",\"url\":\"https:\\\/\\\/www.reconnectivetherapy.com\\\/de\\\/event\\\/gewahrsein-und-transformation-3\\\/\",\"name\":\"Gewahrsein und Transformation - RCT - Reconnective Therapy | Kerstin Sch\u00f6n\",\"isPartOf\":{\"@id\":\"https:\\\/\\\/www.reconnectivetherapy.com\\\/#website\"},\"datePublished\":\"2023-07-06T13:45:35+00:00\",\"dateModified\":\"2023-07-06T13:53:58+00:00\",\"breadcrumb\":{\"@id\":\"https:\\\/\\\/www.reconnectivetherapy.com\\\/de\\\/event\\\/gewahrsein-und-transformation-3\\\/#breadcrumb\"},\"inLanguage\":\"de\",\"potentialAction\":[{\"@type\":\"ReadAction\",\"target\":[\"https:\\\/\\\/www.reconnectivetherapy.com\\\/de\\\/event\\\/gewahrsein-und-transformation-3\\\/\"]}]},{\"@type\":\"BreadcrumbList\",\"@id\":\"https:\\\/\\\/www.reconnectivetherapy.com\\\/de\\\/event\\\/gewahrsein-und-transformation-3\\\/#breadcrumb\",\"itemListElement\":[{\"@type\":\"ListItem\",\"position\":1,\"name\":\"Start\",\"item\":\"https:\\\/\\\/www.reconnectivetherapy.com\\\/\"},{\"@type\":\"ListItem\",\"position\":2,\"name\":\"Events\",\"item\":\"https:\\\/\\\/www.reconnectivetherapy.com\\\/events\\\/\"},{\"@type\":\"ListItem\",\"position\":3,\"name\":\"Gewahrsein und Transformation\"}]},{\"@type\":\"WebSite\",\"@id\":\"https:\\\/\\\/www.reconnectivetherapy.com\\\/#website\",\"url\":\"https:\\\/\\\/www.reconnectivetherapy.com\\\/\",\"name\":\"RCT - Reconnective Therapy | Kerstin Sch\u00f6n\",\"description\":\"RCT - Reconnective Therapy | Kerstin Sch\u00f6n\",\"potentialAction\":[{\"@type\":\"SearchAction\",\"target\":{\"@type\":\"EntryPoint\",\"urlTemplate\":\"https:\\\/\\\/www.reconnectivetherapy.com\\\/?s={search_term_string}\"},\"query-input\":{\"@type\":\"PropertyValueSpecification\",\"valueRequired\":true,\"valueName\":\"search_term_string\"}}],\"inLanguage\":\"de\"}]}<\/script>\n<!-- \/ Yoast SEO plugin. -->","yoast_head_json":{"title":"Gewahrsein und Transformation - RCT - Reconnective Therapy | Kerstin Sch\u00f6n","robots":{"index":"index","follow":"follow","max-snippet":"max-snippet:-1","max-image-preview":"max-image-preview:large","max-video-preview":"max-video-preview:-1"},"canonical":"https:\/\/www.reconnectivetherapy.com\/de\/event\/gewahrsein-und-transformation-3\/","og_locale":"de_DE","og_type":"article","og_title":"Gewahrsein und Transformation - RCT - Reconnective Therapy | Kerstin Sch\u00f6n","og_description":"[vc_row][vc_column][vc_column_text]Onlinekonferenz\u00a0(es gibt auch die M\u00f6glichkeit mit Telefon teilzunehmen) Diese Gruppen beinhalten eine RCT-Behandlung sowie die M\u00f6glichkeit Unterst\u00fctzung in einem bestimmten Bereich eures Lebens zu erhalten. Ihr [\u2026]","og_url":"https:\/\/www.reconnectivetherapy.com\/de\/event\/gewahrsein-und-transformation-3\/","og_site_name":"RCT - Reconnective Therapy | Kerstin Sch\u00f6n","article_modified_time":"2023-07-06T13:53:58+00:00","twitter_misc":{"Gesch\u00e4tzte Lesezeit":"1\u00a0Minute"},"schema":{"@context":"https:\/\/schema.org","@graph":[{"@type":"WebPage","@id":"https:\/\/www.reconnectivetherapy.com\/de\/event\/gewahrsein-und-transformation-3\/","url":"https:\/\/www.reconnectivetherapy.com\/de\/event\/gewahrsein-und-transformation-3\/","name":"Gewahrsein und Transformation - RCT - Reconnective Therapy | Kerstin Sch\u00f6n","isPartOf":{"@id":"https:\/\/www.reconnectivetherapy.com\/#website"},"datePublished":"2023-07-06T13:45:35+00:00","dateModified":"2023-07-06T13:53:58+00:00","breadcrumb":{"@id":"https:\/\/www.reconnectivetherapy.com\/de\/event\/gewahrsein-und-transformation-3\/#breadcrumb"},"inLanguage":"de","potentialAction":[{"@type":"ReadAction","target":["https:\/\/www.reconnectivetherapy.com\/de\/event\/gewahrsein-und-transformation-3\/"]}]},{"@type":"BreadcrumbList","@id":"https:\/\/www.reconnectivetherapy.com\/de\/event\/gewahrsein-und-transformation-3\/#breadcrumb","itemListElement":[{"@type":"ListItem","position":1,"name":"Start","item":"https:\/\/www.reconnectivetherapy.com\/"},{"@type":"ListItem","position":2,"name":"Events","item":"https:\/\/www.reconnectivetherapy.com\/events\/"},{"@type":"ListItem","position":3,"name":"Gewahrsein und Transformation"}]},{"@type":"WebSite","@id":"https:\/\/www.reconnectivetherapy.com\/#website","url":"https:\/\/www.reconnectivetherapy.com\/","name":"RCT - Reconnective Therapy | Kerstin Sch\u00f6n","description":"RCT - Reconnective Therapy | Kerstin Sch\u00f6n","potentialAction":[{"@type":"SearchAction","target":{"@type":"EntryPoint","urlTemplate":"https:\/\/www.reconnectivetherapy.com\/?s={search_term_string}"},"query-input":{"@type":"PropertyValueSpecification","valueRequired":true,"valueName":"search_term_string"}}],"inLanguage":"de"}]}},"_links":{"self":[{"href":"https:\/\/www.reconnectivetherapy.com\/de\/wp-json\/wp\/v2\/tribe_events\/13301","targetHints":{"allow":["GET"]}}],"collection":[{"href":"https:\/\/www.reconnectivetherapy.com\/de\/wp-json\/wp\/v2\/tribe_events"}],"about":[{"href":"https:\/\/www.reconnectivetherapy.com\/de\/wp-json\/wp\/v2\/types\/tribe_events"}],"author":[{"embeddable":true,"href":"https:\/\/www.reconnectivetherapy.com\/de\/wp-json\/wp\/v2\/users\/21"}],"version-history":[{"count":0,"href":"https:\/\/www.reconnectivetherapy.com\/de\/wp-json\/wp\/v2\/tribe_events\/13301\/revisions"}],"wp:attachment":[{"href":"https:\/\/www.reconnectivetherapy.com\/de\/wp-json\/wp\/v2\/media?parent=13301"}],"wp:term":[{"taxonomy":"post_tag","embeddable":true,"href":"https:\/\/www.reconnectivetherapy.com\/de\/wp-json\/wp\/v2\/tags?post=13301"},{"taxonomy":"tribe_events_cat","embeddable":true,"href":"https:\/\/www.reconnectivetherapy.com\/de\/wp-json\/wp\/v2\/tribe_events_cat?post=13301"}],"curies":[{"name":"wp","href":"https:\/\/api.w.org\/{rel}","templated":true}]}}

<div class="wpb-content-wrapper"><p>[vc_row][vc_column][vc_column_text]<strong>Onlinekonferenz </strong>(es gibt auch die Möglichkeit mit Telefon teilzunehmen)</p>
<p>Diese Gruppen beinhalten <strong>eine RCT-Behandlung</strong> sowie die Möglichkeit Unterstützung in einem bestimmten Bereich eures Lebens zu erhalten. Ihr seid eingeladen jegliche Fragen oder Anliegen, die ihr habt, zu teilen. Dies kann Gesundheit, Beziehungen, Gefühle, Gedanken oder immer wiederkehrende Muster mit einschließen. Wir haben beobachtet, dass die Heilungskraft sich potenziert, wenn diese Arbeit in einer Gruppe stattfindet. Diese Gruppen wurden konzipiert dich in dem Gewahrwerden zu unterstützen welche Ausrichtung in deinem Leben gerade wirkt. Dazu bekommst du Lehren und Praktiken, die deine Transformation unterstützen.</p>
<p><strong>Voraussetzung zur Teilnahme:</strong> keine</p>
<p><strong>Termin:<em> </em></strong>Dienstag, 16. Mai</p>
<p><strong>Zeit: </strong>20:00 h – 21:30 h</p>
<p><strong>Leitung: </strong>Kerstin Schön</p>
<p><strong>Kosten:</strong> 65,- €[/vc_column_text][/vc_column][/vc_row][vc_row][vc_column][vc_btn title=&#8220;Anmeldung&#8220; size=&#8220;lg&#8220; align=&#8220;center&#8220; link=&#8220;url:mailto%3Ainfo.de%40reconnectivetherapy.com%3Fsubject%3DGewahrsein%20und%20Transformation%20-%20Online-Konferenz(en)%20-%20meine%20Anmeldung%26body%3DHallo%2C%20hiermit%20melde%20ich%20mich%20verbindlich%20f%C3%BCr%20die%20o.%20gen.%20Veranstaltung(en)%20an.%20Ich%20nehme%20teil%20an%20(bitte%20jeweils%20Datum%20eintragen)%3A%250a%250a-%20einer%20Konferenz%3A%250a%250a-%20folgenden%20Konferenzen%3A%250a%250aDie%20Teilnahmegeb%C3%BChr%20(%E2%82%AC65%2C-%20pro%20Konferenz)%20habe%20ich%20auf%20folgendes%20Konto%20%C3%BCberwiesen%3A%20ReConnective%20Therapy%20-%20Kerstin%20Sch%C3%B6n%20IBAN%3A%20DE58%207019%200000%200207%206641%2076%250a%250aIch%20bitte%20um%20rechtzeitige%20Zusendung%20der%20Zugangsdaten%20f%C3%BCr%20die%20ZOOM-Konferenz(en).%20Meine%20Mobilnummer%3A%250a%250a%250a%250aBeste%20Gr%C3%BC%C3%9Fe&#8220;][/vc_column][/vc_row]</p>
</div>

<p>[vc_row][vc_column][vc_column_text]Onlinekonferenz (es gibt auch die Möglichkeit mit Telefon teilzunehmen) Diese Gruppen beinhalten eine RCT-Behandlung sowie die Möglichkeit Unterstützung in einem bestimmten Bereich eures Lebens zu erhalten. Ihr<span class="excerpt-hellip"> […]</span></p>

<!-- This site is optimized with the Yoast SEO plugin v27.5 - https://yoast.com/product/yoast-seo-wordpress/ -->
<title>Gewahrsein und Transformation - RCT - Reconnective Therapy | Kerstin Schön</title>
<meta name="robots" content="index, follow, max-snippet:-1, max-image-preview:large, max-video-preview:-1" />
<link rel="canonical" href="https://www.reconnectivetherapy.com/de/event/gewahrsein-und-transformation-3/" />
<meta property="og:locale" content="de_DE" />
<meta property="og:type" content="article" />
<meta property="og:title" content="Gewahrsein und Transformation - RCT - Reconnective Therapy | Kerstin Schön" />
<meta property="og:description" content="[vc_row][vc_column][vc_column_text]Onlinekonferenz (es gibt auch die Möglichkeit mit Telefon teilzunehmen) Diese Gruppen beinhalten eine RCT-Behandlung sowie die Möglichkeit Unterstützung in einem bestimmten Bereich eures Lebens zu erhalten. Ihr […]" />
<meta property="og:url" content="https://www.reconnectivetherapy.com/de/event/gewahrsein-und-transformation-3/" />
<meta property="og:site_name" content="RCT - Reconnective Therapy | Kerstin Schön" />
<meta property="article:modified_time" content="2023-07-06T13:53:58+00:00" />
<meta name="twitter:label1" content="Geschätzte Lesezeit" />
	<meta name="twitter:data1" content="1 Minute" />
<script type="application/ld+json" class="yoast-schema-graph">{"@context":"https:\/\/schema.org","@graph":[{"@type":"WebPage","@id":"https:\/\/www.reconnectivetherapy.com\/de\/event\/gewahrsein-und-transformation-3\/","url":"https:\/\/www.reconnectivetherapy.com\/de\/event\/gewahrsein-und-transformation-3\/","name":"Gewahrsein und Transformation - RCT - Reconnective Therapy | Kerstin Schön","isPartOf":{"@id":"https:\/\/www.reconnectivetherapy.com\/#website"},"datePublished":"2023-07-06T13:45:35+00:00","dateModified":"2023-07-06T13:53:58+00:00","breadcrumb":{"@id":"https:\/\/www.reconnectivetherapy.com\/de\/event\/gewahrsein-und-transformation-3\/#breadcrumb"},"inLanguage":"de","potentialAction":[{"@type":"ReadAction","target":["https:\/\/www.reconnectivetherapy.com\/de\/event\/gewahrsein-und-transformation-3\/"]}]},{"@type":"BreadcrumbList","@id":"https:\/\/www.reconnectivetherapy.com\/de\/event\/gewahrsein-und-transformation-3\/#breadcrumb","itemListElement":[{"@type":"ListItem","position":1,"name":"Start","item":"https:\/\/www.reconnectivetherapy.com\/"},{"@type":"ListItem","position":2,"name":"Events","item":"https:\/\/www.reconnectivetherapy.com\/events\/"},{"@type":"ListItem","position":3,"name":"Gewahrsein und Transformation"}]},{"@type":"WebSite","@id":"https:\/\/www.reconnectivetherapy.com\/#website","url":"https:\/\/www.reconnectivetherapy.com\/","name":"RCT - Reconnective Therapy | Kerstin Schön","description":"RCT - Reconnective Therapy | Kerstin Schön","potentialAction":[{"@type":"SearchAction","target":{"@type":"EntryPoint","urlTemplate":"https:\/\/www.reconnectivetherapy.com\/?s={search_term_string}"},"query-input":{"@type":"PropertyValueSpecification","valueRequired":true,"valueName":"search_term_string"}}],"inLanguage":"de"}]}</script>
<!-- / Yoast SEO plugin. -->

Gewahrsein und Transformation - RCT - Reconnective Therapy | Kerstin Schön

[vc_row][vc_column][vc_column_text]Onlinekonferenz (es gibt auch die Möglichkeit mit Telefon teilzunehmen) Diese Gruppen beinhalten eine RCT-Behandlung sowie die Möglichkeit Unterstützung in einem bestimmten Bereich eures Lebens zu erhalten. Ihr […]

RCT - Reconnective Therapy | Kerstin Schön
