{"id":13225,"date":"2023-07-03T11:29:16","date_gmt":"2023-07-03T09:29:16","guid":{"rendered":"http:\/\/www.reconnectivetherapy.com\/?post_type=tribe_events&#038;p=13225"},"modified":"2023-07-03T12:04:36","modified_gmt":"2023-07-03T10:04:36","slug":"rct-behandlerin-ausbildung-rct-einfuehrungskurs","status":"publish","type":"tribe_events","link":"https:\/\/www.reconnectivetherapy.com\/de\/event\/rct-behandlerin-ausbildung-rct-einfuehrungskurs\/","title":{"rendered":"RCT-BehandlerIn  \u2013  Ausbildung RCT-Einf\u00fchrungskurs"},"content":{"rendered":"<div class=\"wpb-content-wrapper\"><p>[vc_row][vc_column][vc_column_text]<\/p>\n<div class=\"\"><span class=\"\">Der Einf\u00fchrungskurs ist der erste konkrete Schritt in das Arbeiten mit der RCT. Hierzu sind die folgenden Schritte notwendig, die ihr in diesem Kurs absolvieren werdet:<\/span><\/div>\n<ul class=\"\">\n<li class=\"\"><span class=\"\">Aktivierung in die Erste Frequenz<\/span><\/li>\n<li class=\"\"><span class=\"\">Lernen der Funktionsweise der RCT<\/span><\/li>\n<li class=\"\"><span class=\"\">Die einzelnen Schritte einer RCT-Behandlung<\/span><\/li>\n<li class=\"\"><span class=\"\">Konkrete Anwendung der Prinzipien der RCT auf das Arbeiten mit dem K\u00f6rper<\/span><\/li>\n<\/ul>\n<p><strong>Voraussetzung zur Teilnahme: <\/strong>Abschluss des Kurses\u00a0\u201cPrinzipien d. Energiearbeit\u201d<\/p>\n<p><strong>Termin:<em>\u00a0<\/em><\/strong>Freitag, 17. \u2013 Sonntag, 19. M\u00e4rz 2023<\/p>\n<p><strong>Zeit: <\/strong>tgl.\u00a010:00h bis 18:00h<\/p>\n<p><strong>Ort:<\/strong> Praxis Dirkorte, Obermarkt 6, D \u2013 82418 Murnau<\/p>\n<p><strong>Leitung: <\/strong>Kerstin Sch\u00f6n<\/p>\n<p><strong>Kursgeb\u00fchr:<\/strong>\u00a0720,- \u20ac[\/vc_column_text][\/vc_column][\/vc_row][vc_row][vc_column][vc_btn title=&#8220;Mehr Infos&#8220; link=&#8220;url:http%3A%2F%2Fwww.reconnectivetherapy.com%2Fde%2Fheilung%2Fausbildung%2Fintroductory-class%2F&#8220;][\/vc_column][\/vc_row]<\/p>\n<\/div>","protected":false},"excerpt":{"rendered":"<p>[vc_row][vc_column][vc_column_text] Der Einf\u00fchrungskurs ist der erste konkrete Schritt in das Arbeiten mit der RCT. Hierzu sind die folgenden Schritte notwendig, die ihr in diesem Kurs absolvieren<span class=\"excerpt-hellip\"> [\u2026]<\/span><\/p>\n","protected":false},"author":21,"featured_media":0,"template":"","meta":{"_tribe_events_status":"","_tribe_events_status_reason":"","_tribe_events_is_hybrid":"","_tribe_events_is_virtual":"","_tribe_events_virtual_video_source":"","_tribe_events_virtual_embed_video":"","_tribe_events_virtual_linked_button_text":"","_tribe_events_virtual_linked_button":"","_tribe_events_virtual_show_embed_at":"","_tribe_events_virtual_show_embed_to":[],"_tribe_events_virtual_show_on_event":"","_tribe_events_virtual_show_on_views":"","_tribe_events_virtual_url":"","footnotes":""},"tags":[],"tribe_events_cat":[],"class_list":["post-13225","tribe_events","type-tribe_events","status-publish","hentry"],"yoast_head":"<!-- This site is optimized with the Yoast SEO plugin v27.5 - https:\/\/yoast.com\/product\/yoast-seo-wordpress\/ -->\n<title>RCT-BehandlerIn \u2013 Ausbildung RCT-Einf\u00fchrungskurs - RCT - Reconnective Therapy | Kerstin Sch\u00f6n<\/title>\n<meta name=\"robots\" content=\"index, follow, max-snippet:-1, max-image-preview:large, max-video-preview:-1\" \/>\n<link rel=\"canonical\" href=\"https:\/\/www.reconnectivetherapy.com\/de\/event\/rct-behandlerin-ausbildung-rct-einfuehrungskurs\/\" \/>\n<meta property=\"og:locale\" content=\"de_DE\" \/>\n<meta property=\"og:type\" content=\"article\" \/>\n<meta property=\"og:title\" content=\"RCT-BehandlerIn \u2013 Ausbildung RCT-Einf\u00fchrungskurs - RCT - Reconnective Therapy | Kerstin Sch\u00f6n\" \/>\n<meta property=\"og:description\" content=\"[vc_row][vc_column][vc_column_text] Der Einf\u00fchrungskurs ist der erste konkrete Schritt in das Arbeiten mit der RCT. Hierzu sind die folgenden Schritte notwendig, die ihr in diesem Kurs absolvieren [\u2026]\" \/>\n<meta property=\"og:url\" content=\"https:\/\/www.reconnectivetherapy.com\/de\/event\/rct-behandlerin-ausbildung-rct-einfuehrungskurs\/\" \/>\n<meta property=\"og:site_name\" content=\"RCT - Reconnective Therapy | Kerstin Sch\u00f6n\" \/>\n<meta property=\"article:modified_time\" content=\"2023-07-03T10:04:36+00:00\" \/>\n<meta name=\"twitter:label1\" content=\"Gesch\u00e4tzte Lesezeit\" \/>\n\t<meta name=\"twitter:data1\" content=\"1\u00a0Minute\" \/>\n<script type=\"application\/ld+json\" class=\"yoast-schema-graph\">{\"@context\":\"https:\\\/\\\/schema.org\",\"@graph\":[{\"@type\":\"WebPage\",\"@id\":\"https:\\\/\\\/www.reconnectivetherapy.com\\\/de\\\/event\\\/rct-behandlerin-ausbildung-rct-einfuehrungskurs\\\/\",\"url\":\"https:\\\/\\\/www.reconnectivetherapy.com\\\/de\\\/event\\\/rct-behandlerin-ausbildung-rct-einfuehrungskurs\\\/\",\"name\":\"RCT-BehandlerIn \u2013 Ausbildung RCT-Einf\u00fchrungskurs - RCT - Reconnective Therapy | Kerstin Sch\u00f6n\",\"isPartOf\":{\"@id\":\"https:\\\/\\\/www.reconnectivetherapy.com\\\/#website\"},\"datePublished\":\"2023-07-03T09:29:16+00:00\",\"dateModified\":\"2023-07-03T10:04:36+00:00\",\"breadcrumb\":{\"@id\":\"https:\\\/\\\/www.reconnectivetherapy.com\\\/de\\\/event\\\/rct-behandlerin-ausbildung-rct-einfuehrungskurs\\\/#breadcrumb\"},\"inLanguage\":\"de\",\"potentialAction\":[{\"@type\":\"ReadAction\",\"target\":[\"https:\\\/\\\/www.reconnectivetherapy.com\\\/de\\\/event\\\/rct-behandlerin-ausbildung-rct-einfuehrungskurs\\\/\"]}]},{\"@type\":\"BreadcrumbList\",\"@id\":\"https:\\\/\\\/www.reconnectivetherapy.com\\\/de\\\/event\\\/rct-behandlerin-ausbildung-rct-einfuehrungskurs\\\/#breadcrumb\",\"itemListElement\":[{\"@type\":\"ListItem\",\"position\":1,\"name\":\"Start\",\"item\":\"https:\\\/\\\/www.reconnectivetherapy.com\\\/\"},{\"@type\":\"ListItem\",\"position\":2,\"name\":\"Events\",\"item\":\"https:\\\/\\\/www.reconnectivetherapy.com\\\/events\\\/\"},{\"@type\":\"ListItem\",\"position\":3,\"name\":\"RCT-BehandlerIn \u2013 Ausbildung RCT-Einf\u00fchrungskurs\"}]},{\"@type\":\"WebSite\",\"@id\":\"https:\\\/\\\/www.reconnectivetherapy.com\\\/#website\",\"url\":\"https:\\\/\\\/www.reconnectivetherapy.com\\\/\",\"name\":\"RCT - Reconnective Therapy | Kerstin Sch\u00f6n\",\"description\":\"RCT - Reconnective Therapy | Kerstin Sch\u00f6n\",\"potentialAction\":[{\"@type\":\"SearchAction\",\"target\":{\"@type\":\"EntryPoint\",\"urlTemplate\":\"https:\\\/\\\/www.reconnectivetherapy.com\\\/?s={search_term_string}\"},\"query-input\":{\"@type\":\"PropertyValueSpecification\",\"valueRequired\":true,\"valueName\":\"search_term_string\"}}],\"inLanguage\":\"de\"}]}<\/script>\n<!-- \/ Yoast SEO plugin. -->","yoast_head_json":{"title":"RCT-BehandlerIn \u2013 Ausbildung RCT-Einf\u00fchrungskurs - RCT - Reconnective Therapy | Kerstin Sch\u00f6n","robots":{"index":"index","follow":"follow","max-snippet":"max-snippet:-1","max-image-preview":"max-image-preview:large","max-video-preview":"max-video-preview:-1"},"canonical":"https:\/\/www.reconnectivetherapy.com\/de\/event\/rct-behandlerin-ausbildung-rct-einfuehrungskurs\/","og_locale":"de_DE","og_type":"article","og_title":"RCT-BehandlerIn \u2013 Ausbildung RCT-Einf\u00fchrungskurs - RCT - Reconnective Therapy | Kerstin Sch\u00f6n","og_description":"[vc_row][vc_column][vc_column_text] Der Einf\u00fchrungskurs ist der erste konkrete Schritt in das Arbeiten mit der RCT. Hierzu sind die folgenden Schritte notwendig, die ihr in diesem Kurs absolvieren [\u2026]","og_url":"https:\/\/www.reconnectivetherapy.com\/de\/event\/rct-behandlerin-ausbildung-rct-einfuehrungskurs\/","og_site_name":"RCT - Reconnective Therapy | Kerstin Sch\u00f6n","article_modified_time":"2023-07-03T10:04:36+00:00","twitter_misc":{"Gesch\u00e4tzte Lesezeit":"1\u00a0Minute"},"schema":{"@context":"https:\/\/schema.org","@graph":[{"@type":"WebPage","@id":"https:\/\/www.reconnectivetherapy.com\/de\/event\/rct-behandlerin-ausbildung-rct-einfuehrungskurs\/","url":"https:\/\/www.reconnectivetherapy.com\/de\/event\/rct-behandlerin-ausbildung-rct-einfuehrungskurs\/","name":"RCT-BehandlerIn \u2013 Ausbildung RCT-Einf\u00fchrungskurs - RCT - Reconnective Therapy | Kerstin Sch\u00f6n","isPartOf":{"@id":"https:\/\/www.reconnectivetherapy.com\/#website"},"datePublished":"2023-07-03T09:29:16+00:00","dateModified":"2023-07-03T10:04:36+00:00","breadcrumb":{"@id":"https:\/\/www.reconnectivetherapy.com\/de\/event\/rct-behandlerin-ausbildung-rct-einfuehrungskurs\/#breadcrumb"},"inLanguage":"de","potentialAction":[{"@type":"ReadAction","target":["https:\/\/www.reconnectivetherapy.com\/de\/event\/rct-behandlerin-ausbildung-rct-einfuehrungskurs\/"]}]},{"@type":"BreadcrumbList","@id":"https:\/\/www.reconnectivetherapy.com\/de\/event\/rct-behandlerin-ausbildung-rct-einfuehrungskurs\/#breadcrumb","itemListElement":[{"@type":"ListItem","position":1,"name":"Start","item":"https:\/\/www.reconnectivetherapy.com\/"},{"@type":"ListItem","position":2,"name":"Events","item":"https:\/\/www.reconnectivetherapy.com\/events\/"},{"@type":"ListItem","position":3,"name":"RCT-BehandlerIn \u2013 Ausbildung RCT-Einf\u00fchrungskurs"}]},{"@type":"WebSite","@id":"https:\/\/www.reconnectivetherapy.com\/#website","url":"https:\/\/www.reconnectivetherapy.com\/","name":"RCT - Reconnective Therapy | Kerstin Sch\u00f6n","description":"RCT - Reconnective Therapy | Kerstin Sch\u00f6n","potentialAction":[{"@type":"SearchAction","target":{"@type":"EntryPoint","urlTemplate":"https:\/\/www.reconnectivetherapy.com\/?s={search_term_string}"},"query-input":{"@type":"PropertyValueSpecification","valueRequired":true,"valueName":"search_term_string"}}],"inLanguage":"de"}]}},"_links":{"self":[{"href":"https:\/\/www.reconnectivetherapy.com\/de\/wp-json\/wp\/v2\/tribe_events\/13225","targetHints":{"allow":["GET"]}}],"collection":[{"href":"https:\/\/www.reconnectivetherapy.com\/de\/wp-json\/wp\/v2\/tribe_events"}],"about":[{"href":"https:\/\/www.reconnectivetherapy.com\/de\/wp-json\/wp\/v2\/types\/tribe_events"}],"author":[{"embeddable":true,"href":"https:\/\/www.reconnectivetherapy.com\/de\/wp-json\/wp\/v2\/users\/21"}],"version-history":[{"count":0,"href":"https:\/\/www.reconnectivetherapy.com\/de\/wp-json\/wp\/v2\/tribe_events\/13225\/revisions"}],"wp:attachment":[{"href":"https:\/\/www.reconnectivetherapy.com\/de\/wp-json\/wp\/v2\/media?parent=13225"}],"wp:term":[{"taxonomy":"post_tag","embeddable":true,"href":"https:\/\/www.reconnectivetherapy.com\/de\/wp-json\/wp\/v2\/tags?post=13225"},{"taxonomy":"tribe_events_cat","embeddable":true,"href":"https:\/\/www.reconnectivetherapy.com\/de\/wp-json\/wp\/v2\/tribe_events_cat?post=13225"}],"curies":[{"name":"wp","href":"https:\/\/api.w.org\/{rel}","templated":true}]}}

RCT-BehandlerIn  –  Ausbildung RCT-Einführungskurs

<div class="wpb-content-wrapper"><p>[vc_row][vc_column][vc_column_text]</p>
<div class=""><span class="">Der Einführungskurs ist der erste konkrete Schritt in das Arbeiten mit der RCT. Hierzu sind die folgenden Schritte notwendig, die ihr in diesem Kurs absolvieren werdet:</span></div>
<ul class="">
<li class=""><span class="">Aktivierung in die Erste Frequenz</span></li>
<li class=""><span class="">Lernen der Funktionsweise der RCT</span></li>
<li class=""><span class="">Die einzelnen Schritte einer RCT-Behandlung</span></li>
<li class=""><span class="">Konkrete Anwendung der Prinzipien der RCT auf das Arbeiten mit dem Körper</span></li>
</ul>
<p><strong>Voraussetzung zur Teilnahme: </strong>Abschluss des Kurses “Prinzipien d. Energiearbeit”</p>
<p><strong>Termin:<em> </em></strong>Freitag, 17. – Sonntag, 19. März 2023</p>
<p><strong>Zeit: </strong>tgl. 10:00h bis 18:00h</p>
<p><strong>Ort:</strong> Praxis Dirkorte, Obermarkt 6, D – 82418 Murnau</p>
<p><strong>Leitung: </strong>Kerstin Schön</p>
<p><strong>Kursgebühr:</strong> 720,- €[/vc_column_text][/vc_column][/vc_row][vc_row][vc_column][vc_btn title=&#8220;Mehr Infos&#8220; link=&#8220;url:http%3A%2F%2Fwww.reconnectivetherapy.com%2Fde%2Fheilung%2Fausbildung%2Fintroductory-class%2F&#8220;][/vc_column][/vc_row]</p>
</div>

<p>[vc_row][vc_column][vc_column_text] Der Einführungskurs ist der erste konkrete Schritt in das Arbeiten mit der RCT. Hierzu sind die folgenden Schritte notwendig, die ihr in diesem Kurs absolvieren<span class="excerpt-hellip"> […]</span></p>

<!-- This site is optimized with the Yoast SEO plugin v27.5 - https://yoast.com/product/yoast-seo-wordpress/ -->
<title>RCT-BehandlerIn – Ausbildung RCT-Einführungskurs - RCT - Reconnective Therapy | Kerstin Schön</title>
<meta name="robots" content="index, follow, max-snippet:-1, max-image-preview:large, max-video-preview:-1" />
<link rel="canonical" href="https://www.reconnectivetherapy.com/de/event/rct-behandlerin-ausbildung-rct-einfuehrungskurs/" />
<meta property="og:locale" content="de_DE" />
<meta property="og:type" content="article" />
<meta property="og:title" content="RCT-BehandlerIn – Ausbildung RCT-Einführungskurs - RCT - Reconnective Therapy | Kerstin Schön" />
<meta property="og:description" content="[vc_row][vc_column][vc_column_text] Der Einführungskurs ist der erste konkrete Schritt in das Arbeiten mit der RCT. Hierzu sind die folgenden Schritte notwendig, die ihr in diesem Kurs absolvieren […]" />
<meta property="og:url" content="https://www.reconnectivetherapy.com/de/event/rct-behandlerin-ausbildung-rct-einfuehrungskurs/" />
<meta property="og:site_name" content="RCT - Reconnective Therapy | Kerstin Schön" />
<meta property="article:modified_time" content="2023-07-03T10:04:36+00:00" />
<meta name="twitter:label1" content="Geschätzte Lesezeit" />
	<meta name="twitter:data1" content="1 Minute" />
<script type="application/ld+json" class="yoast-schema-graph">{"@context":"https:\/\/schema.org","@graph":[{"@type":"WebPage","@id":"https:\/\/www.reconnectivetherapy.com\/de\/event\/rct-behandlerin-ausbildung-rct-einfuehrungskurs\/","url":"https:\/\/www.reconnectivetherapy.com\/de\/event\/rct-behandlerin-ausbildung-rct-einfuehrungskurs\/","name":"RCT-BehandlerIn – Ausbildung RCT-Einführungskurs - RCT - Reconnective Therapy | Kerstin Schön","isPartOf":{"@id":"https:\/\/www.reconnectivetherapy.com\/#website"},"datePublished":"2023-07-03T09:29:16+00:00","dateModified":"2023-07-03T10:04:36+00:00","breadcrumb":{"@id":"https:\/\/www.reconnectivetherapy.com\/de\/event\/rct-behandlerin-ausbildung-rct-einfuehrungskurs\/#breadcrumb"},"inLanguage":"de","potentialAction":[{"@type":"ReadAction","target":["https:\/\/www.reconnectivetherapy.com\/de\/event\/rct-behandlerin-ausbildung-rct-einfuehrungskurs\/"]}]},{"@type":"BreadcrumbList","@id":"https:\/\/www.reconnectivetherapy.com\/de\/event\/rct-behandlerin-ausbildung-rct-einfuehrungskurs\/#breadcrumb","itemListElement":[{"@type":"ListItem","position":1,"name":"Start","item":"https:\/\/www.reconnectivetherapy.com\/"},{"@type":"ListItem","position":2,"name":"Events","item":"https:\/\/www.reconnectivetherapy.com\/events\/"},{"@type":"ListItem","position":3,"name":"RCT-BehandlerIn – Ausbildung RCT-Einführungskurs"}]},{"@type":"WebSite","@id":"https:\/\/www.reconnectivetherapy.com\/#website","url":"https:\/\/www.reconnectivetherapy.com\/","name":"RCT - Reconnective Therapy | Kerstin Schön","description":"RCT - Reconnective Therapy | Kerstin Schön","potentialAction":[{"@type":"SearchAction","target":{"@type":"EntryPoint","urlTemplate":"https:\/\/www.reconnectivetherapy.com\/?s={search_term_string}"},"query-input":{"@type":"PropertyValueSpecification","valueRequired":true,"valueName":"search_term_string"}}],"inLanguage":"de"}]}</script>
<!-- / Yoast SEO plugin. -->

RCT-BehandlerIn – Ausbildung RCT-Einführungskurs - RCT - Reconnective Therapy | Kerstin Schön

[vc_row][vc_column][vc_column_text] Der Einführungskurs ist der erste konkrete Schritt in das Arbeiten mit der RCT. Hierzu sind die folgenden Schritte notwendig, die ihr in diesem Kurs absolvieren […]

RCT - Reconnective Therapy | Kerstin Schön

RCT-BehandlerIn – Ausbildung RCT-Einführungskurs
