{"id":10000105,"date":"2023-07-03T12:16:59","date_gmt":"2023-07-03T10:16:59","guid":{"rendered":"http:\/\/www.reconnectivetherapy.com\/event\/rct-behandlerinnen-weiterfuehrendes-training-die-verkoerperung-neuer-frequenzen-2\/"},"modified":"2023-07-03T12:16:59","modified_gmt":"2023-07-03T10:16:59","slug":"rct-behandlerinnen-weiterfuehrendes-training-die-verkoerperung-neuer-frequenzen-2","status":"publish","type":"tribe_events","link":"https:\/\/www.reconnectivetherapy.com\/de\/event\/rct-behandlerinnen-weiterfuehrendes-training-die-verkoerperung-neuer-frequenzen-2\/2023-03-21\/","title":{"rendered":"RCT-BehandlerInnen  \u2013  Weiterf\u00fchrendes Training: Die Verk\u00f6rperung neuer Frequenzen"},"content":{"rendered":"<div class=\"wpb-content-wrapper\"><p>[vc_row][vc_column][vc_column_text]<strong>Fallstudien <\/strong><strong>(Online) \u00a0\u2013 \u00a0Strukturelle Arbeit und Anwendung<\/strong><\/p>\n<p>In allen 6 Fallstudien wirst du deine eigenen KlientenInnen live auf die Ferne behandeln und Feedback zu deiner RCT-Arbeit bekommen.<\/p>\n<p><strong>Termine:<\/strong><br \/>\nDienstag,\u00a021. M\u00e4rz<br \/>\nDienstag,\u00a002. Mai<br \/>\nDienstag,\u00a006. Juni<br \/>\nDienstag, 11. Juli<br \/>\nDienstag, 05. September<br \/>\nDienstag, 03. Oktober<\/p>\n<p><strong>Zeit: <\/strong>20:00 h \u2013 21:30 h<\/p>\n<p><strong>Kosten:<\/strong>\u00a0810,- \u20ac (Anzahlung 300,- \u20ac, Restzahlung zu Beginn der 1. Konferenz oder nach R\u00fccksprache in Raten m\u00f6glich)[\/vc_column_text][\/vc_column][\/vc_row][vc_row][vc_column width=&#8220;1\/2&#8243;][vc_btn title=&#8220;Mehr Infos&#8220; link=&#8220;url:http%3A%2F%2Fwww.reconnectivetherapy.com%2Fde%2Fheilung%2Fausbildung%2Ftraining-puzzleteile%2F1-puzzle-pieces%2F&#8220;][\/vc_column][vc_column width=&#8220;1\/2&#8243;][vc_btn title=&#8220;Anmeldung&#8220; link=&#8220;url:mailto%3Ainfo.de%40reconnectivetherapy.com%3Fsubject%3DAnmeldung%20RCT-Weiterf%C3%BChrendes%20Training%202023%2C%20Die%20Verk%C3%B6rperung%20neuer%20Frequenzen%20-%206%20Fallstudien-Konferenzen%20online%20ab%2021.%20M%C3%A4rz%26body%3DHallo%2C%250a%250ahiermit%20melde%20ich%20mich%20verbindlich%20f%C3%BCr%20die%20o.%20gen.%20Veranstaltung%20ab%2021.%20M%C3%A4rz%202023%20an.%250a%250aDie%20Anmeldegeb%C3%BChr%20(300%2C-%20%E2%82%AC)%20habe%20ich%20auf%20folgendes%20Konto%20%C3%BCberwiesen%3A%20ReConnective%20Therapy%20-%20Kerstin%20Sch%C3%B6n%20IBAN%3A%20DE58%207019%200000%200207%206641%2076%250a%250aIch%20bitte%20um%20rechtzeitige%20Zusendung%20der%20Zugangsdaten%20f%C3%BCr%20die%20ZOOM-Konferenz(en).%20Meine%20Mobilnummer%3A%250a%250a%250a%250aBeste%20Gr%C3%BC%C3%9Fe&#8220;][\/vc_column][\/vc_row]<\/p>\n<\/div>","protected":false},"excerpt":{"rendered":"<p>[vc_row][vc_column][vc_column_text]Fallstudien (Online) \u00a0\u2013 \u00a0Strukturelle Arbeit und Anwendung In allen 6 Fallstudien wirst du deine eigenen KlientenInnen live auf die Ferne behandeln und Feedback zu deiner RCT-Arbeit<span class=\"excerpt-hellip\"> [\u2026]<\/span><\/p>\n","protected":false},"author":21,"featured_media":0,"template":"","meta":{"_tribe_events_status":"","_tribe_events_status_reason":"","_tribe_events_is_hybrid":"","_tribe_events_is_virtual":"","_tribe_events_virtual_video_source":"","_tribe_events_virtual_embed_video":"","_tribe_events_virtual_linked_button_text":"","_tribe_events_virtual_linked_button":"","_tribe_events_virtual_show_embed_at":"","_tribe_events_virtual_show_embed_to":[],"_tribe_events_virtual_show_on_event":"","_tribe_events_virtual_show_on_views":"","_tribe_events_virtual_url":"","footnotes":""},"tags":[],"tribe_events_cat":[],"class_list":["post-10000105","tribe_events","type-tribe_events","status-publish","hentry","tribe-recurring-event","tribe-recurring-event-parent"],"yoast_head":"<!-- This site is optimized with the Yoast SEO plugin v27.5 - https:\/\/yoast.com\/product\/yoast-seo-wordpress\/ -->\n<title>RCT-BehandlerInnen \u2013 Weiterf\u00fchrendes Training: Die Verk\u00f6rperung neuer Frequenzen - RCT - Reconnective Therapy | Kerstin Sch\u00f6n<\/title>\n<meta name=\"robots\" content=\"index, follow, max-snippet:-1, max-image-preview:large, max-video-preview:-1\" \/>\n<link rel=\"canonical\" href=\"https:\/\/www.reconnectivetherapy.com\/de\/event\/rct-behandlerinnen-weiterfuehrendes-training-die-verkoerperung-neuer-frequenzen-2\/2023-03-21\/\" \/>\n<meta property=\"og:locale\" content=\"de_DE\" \/>\n<meta property=\"og:type\" content=\"article\" \/>\n<meta property=\"og:title\" content=\"RCT-BehandlerInnen \u2013 Weiterf\u00fchrendes Training: Die Verk\u00f6rperung neuer Frequenzen - RCT - Reconnective Therapy | Kerstin Sch\u00f6n\" \/>\n<meta property=\"og:description\" content=\"[vc_row][vc_column][vc_column_text]Fallstudien (Online) \u00a0\u2013 \u00a0Strukturelle Arbeit und Anwendung In allen 6 Fallstudien wirst du deine eigenen KlientenInnen live auf die Ferne behandeln und Feedback zu deiner RCT-Arbeit [\u2026]\" \/>\n<meta property=\"og:url\" content=\"https:\/\/www.reconnectivetherapy.com\/de\/event\/rct-behandlerinnen-weiterfuehrendes-training-die-verkoerperung-neuer-frequenzen-2\/2023-03-21\/\" \/>\n<meta property=\"og:site_name\" content=\"RCT - Reconnective Therapy | Kerstin Sch\u00f6n\" \/>\n<meta name=\"twitter:label1\" content=\"Gesch\u00e4tzte Lesezeit\" \/>\n\t<meta name=\"twitter:data1\" content=\"1\u00a0Minute\" \/>\n<script type=\"application\/ld+json\" class=\"yoast-schema-graph\">{\"@context\":\"https:\\\/\\\/schema.org\",\"@graph\":[{\"@type\":\"WebPage\",\"@id\":\"https:\\\/\\\/www.reconnectivetherapy.com\\\/de\\\/event\\\/rct-behandlerinnen-weiterfuehrendes-training-die-verkoerperung-neuer-frequenzen-2\\\/2023-03-21\\\/\",\"url\":\"https:\\\/\\\/www.reconnectivetherapy.com\\\/de\\\/event\\\/rct-behandlerinnen-weiterfuehrendes-training-die-verkoerperung-neuer-frequenzen-2\\\/2023-03-21\\\/\",\"name\":\"RCT-BehandlerInnen \u2013 Weiterf\u00fchrendes Training: Die Verk\u00f6rperung neuer Frequenzen - RCT - Reconnective Therapy | Kerstin Sch\u00f6n\",\"isPartOf\":{\"@id\":\"https:\\\/\\\/www.reconnectivetherapy.com\\\/#website\"},\"datePublished\":\"2023-07-03T10:16:59+00:00\",\"breadcrumb\":{\"@id\":\"https:\\\/\\\/www.reconnectivetherapy.com\\\/de\\\/event\\\/rct-behandlerinnen-weiterfuehrendes-training-die-verkoerperung-neuer-frequenzen-2\\\/2023-03-21\\\/#breadcrumb\"},\"inLanguage\":\"de\",\"potentialAction\":[{\"@type\":\"ReadAction\",\"target\":[\"https:\\\/\\\/www.reconnectivetherapy.com\\\/de\\\/event\\\/rct-behandlerinnen-weiterfuehrendes-training-die-verkoerperung-neuer-frequenzen-2\\\/2023-03-21\\\/\"]}]},{\"@type\":\"BreadcrumbList\",\"@id\":\"https:\\\/\\\/www.reconnectivetherapy.com\\\/de\\\/event\\\/rct-behandlerinnen-weiterfuehrendes-training-die-verkoerperung-neuer-frequenzen-2\\\/2023-03-21\\\/#breadcrumb\",\"itemListElement\":[{\"@type\":\"ListItem\",\"position\":1,\"name\":\"Start\",\"item\":\"https:\\\/\\\/www.reconnectivetherapy.com\\\/\"},{\"@type\":\"ListItem\",\"position\":2,\"name\":\"Events\",\"item\":\"https:\\\/\\\/www.reconnectivetherapy.com\\\/events\\\/\"},{\"@type\":\"ListItem\",\"position\":3,\"name\":\"RCT-BehandlerInnen \u2013 Weiterf\u00fchrendes Training: Die Verk\u00f6rperung neuer Frequenzen\"}]},{\"@type\":\"WebSite\",\"@id\":\"https:\\\/\\\/www.reconnectivetherapy.com\\\/#website\",\"url\":\"https:\\\/\\\/www.reconnectivetherapy.com\\\/\",\"name\":\"RCT - Reconnective Therapy | Kerstin Sch\u00f6n\",\"description\":\"RCT - Reconnective Therapy | Kerstin Sch\u00f6n\",\"potentialAction\":[{\"@type\":\"SearchAction\",\"target\":{\"@type\":\"EntryPoint\",\"urlTemplate\":\"https:\\\/\\\/www.reconnectivetherapy.com\\\/?s={search_term_string}\"},\"query-input\":{\"@type\":\"PropertyValueSpecification\",\"valueRequired\":true,\"valueName\":\"search_term_string\"}}],\"inLanguage\":\"de\"}]}<\/script>\n<!-- \/ Yoast SEO plugin. -->","yoast_head_json":{"title":"RCT-BehandlerInnen \u2013 Weiterf\u00fchrendes Training: Die Verk\u00f6rperung neuer Frequenzen - RCT - Reconnective Therapy | Kerstin Sch\u00f6n","robots":{"index":"index","follow":"follow","max-snippet":"max-snippet:-1","max-image-preview":"max-image-preview:large","max-video-preview":"max-video-preview:-1"},"canonical":"https:\/\/www.reconnectivetherapy.com\/de\/event\/rct-behandlerinnen-weiterfuehrendes-training-die-verkoerperung-neuer-frequenzen-2\/2023-03-21\/","og_locale":"de_DE","og_type":"article","og_title":"RCT-BehandlerInnen \u2013 Weiterf\u00fchrendes Training: Die Verk\u00f6rperung neuer Frequenzen - RCT - Reconnective Therapy | Kerstin Sch\u00f6n","og_description":"[vc_row][vc_column][vc_column_text]Fallstudien (Online) \u00a0\u2013 \u00a0Strukturelle Arbeit und Anwendung In allen 6 Fallstudien wirst du deine eigenen KlientenInnen live auf die Ferne behandeln und Feedback zu deiner RCT-Arbeit [\u2026]","og_url":"https:\/\/www.reconnectivetherapy.com\/de\/event\/rct-behandlerinnen-weiterfuehrendes-training-die-verkoerperung-neuer-frequenzen-2\/2023-03-21\/","og_site_name":"RCT - Reconnective Therapy | Kerstin Sch\u00f6n","twitter_misc":{"Gesch\u00e4tzte Lesezeit":"1\u00a0Minute"},"schema":{"@context":"https:\/\/schema.org","@graph":[{"@type":"WebPage","@id":"https:\/\/www.reconnectivetherapy.com\/de\/event\/rct-behandlerinnen-weiterfuehrendes-training-die-verkoerperung-neuer-frequenzen-2\/2023-03-21\/","url":"https:\/\/www.reconnectivetherapy.com\/de\/event\/rct-behandlerinnen-weiterfuehrendes-training-die-verkoerperung-neuer-frequenzen-2\/2023-03-21\/","name":"RCT-BehandlerInnen \u2013 Weiterf\u00fchrendes Training: Die Verk\u00f6rperung neuer Frequenzen - RCT - Reconnective Therapy | Kerstin Sch\u00f6n","isPartOf":{"@id":"https:\/\/www.reconnectivetherapy.com\/#website"},"datePublished":"2023-07-03T10:16:59+00:00","breadcrumb":{"@id":"https:\/\/www.reconnectivetherapy.com\/de\/event\/rct-behandlerinnen-weiterfuehrendes-training-die-verkoerperung-neuer-frequenzen-2\/2023-03-21\/#breadcrumb"},"inLanguage":"de","potentialAction":[{"@type":"ReadAction","target":["https:\/\/www.reconnectivetherapy.com\/de\/event\/rct-behandlerinnen-weiterfuehrendes-training-die-verkoerperung-neuer-frequenzen-2\/2023-03-21\/"]}]},{"@type":"BreadcrumbList","@id":"https:\/\/www.reconnectivetherapy.com\/de\/event\/rct-behandlerinnen-weiterfuehrendes-training-die-verkoerperung-neuer-frequenzen-2\/2023-03-21\/#breadcrumb","itemListElement":[{"@type":"ListItem","position":1,"name":"Start","item":"https:\/\/www.reconnectivetherapy.com\/"},{"@type":"ListItem","position":2,"name":"Events","item":"https:\/\/www.reconnectivetherapy.com\/events\/"},{"@type":"ListItem","position":3,"name":"RCT-BehandlerInnen \u2013 Weiterf\u00fchrendes Training: Die Verk\u00f6rperung neuer Frequenzen"}]},{"@type":"WebSite","@id":"https:\/\/www.reconnectivetherapy.com\/#website","url":"https:\/\/www.reconnectivetherapy.com\/","name":"RCT - Reconnective Therapy | Kerstin Sch\u00f6n","description":"RCT - Reconnective Therapy | Kerstin Sch\u00f6n","potentialAction":[{"@type":"SearchAction","target":{"@type":"EntryPoint","urlTemplate":"https:\/\/www.reconnectivetherapy.com\/?s={search_term_string}"},"query-input":{"@type":"PropertyValueSpecification","valueRequired":true,"valueName":"search_term_string"}}],"inLanguage":"de"}]}},"_links":{"self":[{"href":"https:\/\/www.reconnectivetherapy.com\/de\/wp-json\/wp\/v2\/tribe_events\/10000105","targetHints":{"allow":["GET"]}}],"collection":[{"href":"https:\/\/www.reconnectivetherapy.com\/de\/wp-json\/wp\/v2\/tribe_events"}],"about":[{"href":"https:\/\/www.reconnectivetherapy.com\/de\/wp-json\/wp\/v2\/types\/tribe_events"}],"author":[{"embeddable":true,"href":"https:\/\/www.reconnectivetherapy.com\/de\/wp-json\/wp\/v2\/users\/21"}],"version-history":[{"count":0,"href":"https:\/\/www.reconnectivetherapy.com\/de\/wp-json\/wp\/v2\/tribe_events\/10000105\/revisions"}],"wp:attachment":[{"href":"https:\/\/www.reconnectivetherapy.com\/de\/wp-json\/wp\/v2\/media?parent=10000105"}],"wp:term":[{"taxonomy":"post_tag","embeddable":true,"href":"https:\/\/www.reconnectivetherapy.com\/de\/wp-json\/wp\/v2\/tags?post=10000105"},{"taxonomy":"tribe_events_cat","embeddable":true,"href":"https:\/\/www.reconnectivetherapy.com\/de\/wp-json\/wp\/v2\/tribe_events_cat?post=10000105"}],"curies":[{"name":"wp","href":"https:\/\/api.w.org\/{rel}","templated":true}]}}

RCT-BehandlerInnen  –  Weiterführendes Training: Die Verkörperung neuer Frequenzen

<div class="wpb-content-wrapper"><p>[vc_row][vc_column][vc_column_text]<strong>Fallstudien </strong><strong>(Online)  –  Strukturelle Arbeit und Anwendung</strong></p>
<p>In allen 6 Fallstudien wirst du deine eigenen KlientenInnen live auf die Ferne behandeln und Feedback zu deiner RCT-Arbeit bekommen.</p>
<p><strong>Termine:</strong><br />
Dienstag, 21. März<br />
Dienstag, 02. Mai<br />
Dienstag, 06. Juni<br />
Dienstag, 11. Juli<br />
Dienstag, 05. September<br />
Dienstag, 03. Oktober</p>
<p><strong>Zeit: </strong>20:00 h – 21:30 h</p>
<p><strong>Kosten:</strong> 810,- € (Anzahlung 300,- €, Restzahlung zu Beginn der 1. Konferenz oder nach Rücksprache in Raten möglich)[/vc_column_text][/vc_column][/vc_row][vc_row][vc_column width=&#8220;1/2&#8243;][vc_btn title=&#8220;Mehr Infos&#8220; link=&#8220;url:http%3A%2F%2Fwww.reconnectivetherapy.com%2Fde%2Fheilung%2Fausbildung%2Ftraining-puzzleteile%2F1-puzzle-pieces%2F&#8220;][/vc_column][vc_column width=&#8220;1/2&#8243;][vc_btn title=&#8220;Anmeldung&#8220; link=&#8220;url:mailto%3Ainfo.de%40reconnectivetherapy.com%3Fsubject%3DAnmeldung%20RCT-Weiterf%C3%BChrendes%20Training%202023%2C%20Die%20Verk%C3%B6rperung%20neuer%20Frequenzen%20-%206%20Fallstudien-Konferenzen%20online%20ab%2021.%20M%C3%A4rz%26body%3DHallo%2C%250a%250ahiermit%20melde%20ich%20mich%20verbindlich%20f%C3%BCr%20die%20o.%20gen.%20Veranstaltung%20ab%2021.%20M%C3%A4rz%202023%20an.%250a%250aDie%20Anmeldegeb%C3%BChr%20(300%2C-%20%E2%82%AC)%20habe%20ich%20auf%20folgendes%20Konto%20%C3%BCberwiesen%3A%20ReConnective%20Therapy%20-%20Kerstin%20Sch%C3%B6n%20IBAN%3A%20DE58%207019%200000%200207%206641%2076%250a%250aIch%20bitte%20um%20rechtzeitige%20Zusendung%20der%20Zugangsdaten%20f%C3%BCr%20die%20ZOOM-Konferenz(en).%20Meine%20Mobilnummer%3A%250a%250a%250a%250aBeste%20Gr%C3%BC%C3%9Fe&#8220;][/vc_column][/vc_row]</p>
</div>

<!-- This site is optimized with the Yoast SEO plugin v27.5 - https://yoast.com/product/yoast-seo-wordpress/ -->
<title>RCT-BehandlerInnen – Weiterführendes Training: Die Verkörperung neuer Frequenzen - RCT - Reconnective Therapy | Kerstin Schön</title>
<meta name="robots" content="index, follow, max-snippet:-1, max-image-preview:large, max-video-preview:-1" />
<link rel="canonical" href="https://www.reconnectivetherapy.com/de/event/rct-behandlerinnen-weiterfuehrendes-training-die-verkoerperung-neuer-frequenzen-2/2023-03-21/" />
<meta property="og:locale" content="de_DE" />
<meta property="og:type" content="article" />
<meta property="og:title" content="RCT-BehandlerInnen – Weiterführendes Training: Die Verkörperung neuer Frequenzen - RCT - Reconnective Therapy | Kerstin Schön" />
<meta property="og:description" content="[vc_row][vc_column][vc_column_text]Fallstudien (Online)  –  Strukturelle Arbeit und Anwendung In allen 6 Fallstudien wirst du deine eigenen KlientenInnen live auf die Ferne behandeln und Feedback zu deiner RCT-Arbeit […]" />
<meta property="og:url" content="https://www.reconnectivetherapy.com/de/event/rct-behandlerinnen-weiterfuehrendes-training-die-verkoerperung-neuer-frequenzen-2/2023-03-21/" />
<meta property="og:site_name" content="RCT - Reconnective Therapy | Kerstin Schön" />
<meta name="twitter:label1" content="Geschätzte Lesezeit" />
	<meta name="twitter:data1" content="1 Minute" />
<script type="application/ld+json" class="yoast-schema-graph">{"@context":"https:\/\/schema.org","@graph":[{"@type":"WebPage","@id":"https:\/\/www.reconnectivetherapy.com\/de\/event\/rct-behandlerinnen-weiterfuehrendes-training-die-verkoerperung-neuer-frequenzen-2\/2023-03-21\/","url":"https:\/\/www.reconnectivetherapy.com\/de\/event\/rct-behandlerinnen-weiterfuehrendes-training-die-verkoerperung-neuer-frequenzen-2\/2023-03-21\/","name":"RCT-BehandlerInnen – Weiterführendes Training: Die Verkörperung neuer Frequenzen - RCT - Reconnective Therapy | Kerstin Schön","isPartOf":{"@id":"https:\/\/www.reconnectivetherapy.com\/#website"},"datePublished":"2023-07-03T10:16:59+00:00","breadcrumb":{"@id":"https:\/\/www.reconnectivetherapy.com\/de\/event\/rct-behandlerinnen-weiterfuehrendes-training-die-verkoerperung-neuer-frequenzen-2\/2023-03-21\/#breadcrumb"},"inLanguage":"de","potentialAction":[{"@type":"ReadAction","target":["https:\/\/www.reconnectivetherapy.com\/de\/event\/rct-behandlerinnen-weiterfuehrendes-training-die-verkoerperung-neuer-frequenzen-2\/2023-03-21\/"]}]},{"@type":"BreadcrumbList","@id":"https:\/\/www.reconnectivetherapy.com\/de\/event\/rct-behandlerinnen-weiterfuehrendes-training-die-verkoerperung-neuer-frequenzen-2\/2023-03-21\/#breadcrumb","itemListElement":[{"@type":"ListItem","position":1,"name":"Start","item":"https:\/\/www.reconnectivetherapy.com\/"},{"@type":"ListItem","position":2,"name":"Events","item":"https:\/\/www.reconnectivetherapy.com\/events\/"},{"@type":"ListItem","position":3,"name":"RCT-BehandlerInnen – Weiterführendes Training: Die Verkörperung neuer Frequenzen"}]},{"@type":"WebSite","@id":"https:\/\/www.reconnectivetherapy.com\/#website","url":"https:\/\/www.reconnectivetherapy.com\/","name":"RCT - Reconnective Therapy | Kerstin Schön","description":"RCT - Reconnective Therapy | Kerstin Schön","potentialAction":[{"@type":"SearchAction","target":{"@type":"EntryPoint","urlTemplate":"https:\/\/www.reconnectivetherapy.com\/?s={search_term_string}"},"query-input":{"@type":"PropertyValueSpecification","valueRequired":true,"valueName":"search_term_string"}}],"inLanguage":"de"}]}</script>
<!-- / Yoast SEO plugin. -->

RCT-BehandlerInnen – Weiterführendes Training: Die Verkörperung neuer Frequenzen - RCT - Reconnective Therapy | Kerstin Schön

RCT - Reconnective Therapy | Kerstin Schön

RCT-BehandlerInnen – Weiterführendes Training: Die Verkörperung neuer Frequenzen
